omposite?
True
Suppose -5*y = 2*t - 10, -28*t + 5 = 4*y - 27*t. Suppose y = w - b + 5*b - 4511, 5*b = 0. Is w a composite number?
True
Let j = 10752 + 1068. Let s = j - 5851. Is s a prime number?
False
Let z(o) = 2786*o + 15. Let a be z(3). Suppose -l = -2*g + 5578, 14*l - 11*l + a = 3*g. Is g composite?
True
Let j(i) = i**2 - 181*i - 3151. Is j(-124) composite?
True
Is -1 + (-2)/(-3) + (-47104)/966*-24199 composite?
False
Let u be (-3 + 1)/(18/(-4500)). Suppose -d = 3*d + u. Let m = d - -192. Is m prime?
True
Is (-10 + 10 - -477404) + -13 a composite number?
True
Let x(j) = 457*j + 55. Let i be x(-5). Let w = 13707 - i. Is w prime?
True
Is 64569859/289 + 14 + (-4)/34 a prime number?
True
Let i(q) = 3239*q**3 + 6*q**2 - 44*q + 2. Is i(7) prime?
False
Suppose 93*x - 1110264 = 1218921. Is x prime?
False
Let y = 1003 - -45298. Is y a composite number?
False
Let z(r) = -2*r - 5. Let m be z(-1). Is m/(-6)*(-4 - -1370) a composite number?
False
Let u = 98986 - -167281. Is u composite?
True
Let s(j) be the third derivative of j**5/10 - j**4/6 - 29*j**3/6 + j**2 + 49*j. Is s(-7) prime?
True
Let u(a) = 10*a**3 - 23*a**2 + 17*a - 73. Is u(6) a prime number?
True
Let h(m) = -340*m + 16. Let v(b) = -339*b + 16. Let p = 74 + -72. Let z(j) = p*h(j) - 3*v(j). Is z(9) composite?
True
Let k = -16656 + 168915. Is k prime?
False
Let i(w) be the second derivative of 109*w**3/6 + 10*w**2 + 11*w - 53. Suppose -5*x - 4*y + 50 = y, -4*x = -2*y - 46. Is i(x) a composite number?
True
Let d = -44 + 47. Let s be (-2 - -23)/d + 0. Suppose 0 = -6*b + s*b - 913. Is b a composite number?
True
Suppose 23937 + 279696 = 33*x. Suppose -8*m + 27815 = -x. Is m a composite number?
True
Suppose -u - u = -4*u. Suppose 4*m = -d + 13, -2*d - 1 + u = -m. Suppose 33 + 141 = m*y. Is y a prime number?
False
Suppose -401697 = -5*c + 87838. Is c a prime number?
False
Let f = 90988 - 36015. Is f prime?
True
Let d(f) = -f**2 + 2*f + 8. Let c(j) = -4*j + 4. Let g be c(1). Let u be d(g). Is (-5)/((-100)/u) + 7833/5 composite?
False
Suppose p + 2*p = 0. Let c = 2324 + -1654. Suppose 2*a + 2*o - c = p, -4*a + 1013 = -a + 5*o. Is a prime?
True
Let y = 22191 - 15286. Is y prime?
False
Suppose 11*s + 16*s - 432 = 0. Is s/(-48) + 6928/12 a prime number?
True
Suppose -32*n = 29*n - 60*n - 276865. Is n a composite number?
True
Suppose -l + 29539 = 6*f, 4*l = 3*f - f + 118104. Is l composite?
False
Suppose -30*n + 54*n = -3456. Is 36/n + (2 - 13821/(-4)) composite?
False
Let r = 26318 - -103545. Is r prime?
False
Let y = -92 + 27. Let t = y + 65. Suppose -4*o + 3578 + 5370 = t. Is o composite?
False
Is 30/20*(-4)/(-24)*149108 prime?
True
Let u be ((3564/(-77))/9)/(4/(-14)). Suppose 500260 = u*c + 2*c. Is c prime?
True
Suppose -82040 - 49228 = 12*k. Let q = -6762 - k. Suppose 5*j - 4*o = 9919, -2*o + 211 = -2*j + q. Is j a composite number?
False
Let d be (-6)/27 - (290/(-9) - -5). Suppose -2*w + 2*b + 3518 = 0, -d*w + 3*b = -22*w - 8791. Is w composite?
True
Suppose 2499217 = 5587*y - 5580*y. Is y a composite number?
False
Let n(g) = 323*g**3 - 3*g**2 - 2*g - 2. Let h(a) = 645*a**3 - 6*a**2 - 4*a - 4. Let b(t) = 6*h(t) - 11*n(t). Is b(2) a composite number?
True
Let i be (38/(-133))/(2/(-42)). Is (4/i)/(100/626550) composite?
False
Suppose 7*p = -4*y + 10*p + 58658, y - 14639 = 5*p. Is y prime?
True
Suppose -18 = -4*o - 2*f, -3 = 5*f + 2. Suppose -19 = -w + 5*h, 15 = w + 4*w - o*h. Let n(r) = -517*r - 2. Is n(w) a composite number?
True
Let a = -32121 + 48089. Suppose -b = -3*t + 11984, 4*b - a = -6*t + 2*t. Is t a prime number?
False
Suppose -3 = -3*p, -4*g + 185 = 4*p + p. Suppose -25*h - 446060 = -g*h. Is h composite?
False
Let y(i) be the second derivative of 2*i**4 - 17*i**3/6 - 3*i**2 + 2*i. Let b(j) be the first derivative of y(j). Is b(11) a prime number?
False
Let a(f) = 216590*f**2 - 647*f - 10. Is a(3) a composite number?
False
Let h(b) = 112*b**2 + 7*b - 2917. Is h(-50) a prime number?
False
Is 6*(-3 - (-125)/40)*2122004 a composite number?
True
Let d(b) = -b**3 + 4*b**2 - 6*b + 10. Let k be d(3). Suppose 4*c + k = 9. Suppose 3*i - c*t = i + 2028, 4011 = 4*i + 5*t. Is i a composite number?
False
Let z(q) be the third derivative of 39*q**5/20 + q**4/3 - 13*q**3/3 - 67*q**2. Is z(5) a prime number?
True
Suppose 2*h - 83 = -3*s, -3*h - 2 - 49 = -2*s. Suppose -s*p + 32*p = 1265. Is p composite?
True
Suppose -2*x - 5*w + 687 = 0, -11*x + 7*x - 3*w + 1339 = 0. Is x composite?
False
Suppose 22*f - 2625405 = 228853. Is f composite?
True
Let w(i) = 18*i**2 - 203*i - 127. Is w(96) a composite number?
False
Let n(o) = 4*o - 26. Suppose -x = -16 + 10. Let r be n(x). Is (-7126)/(-3 - (-3 - r)) a prime number?
False
Let p = 11632 - -220249. Is p a prime number?
False
Let f(w) = 2*w + 9*w - 27 + 19. Let n be f(1). Suppose 4*t = -2*j + 2084, 0 = n*t - 4*j - 1553 - 10. Is t composite?
False
Suppose 3*y + 8883 = -4*i - 13643, 5*i - 29983 = 4*y. Let r = -4999 - y. Is r a prime number?
True
Let a(c) = -21917*c**3 - 6*c**2 - 17*c - 19. Is a(-2) composite?
False
Suppose 3*k - 20 = -k. Suppose -k*y - y + 36 = 0. Is -1*-1*753/y*2 prime?
True
Let i(f) = -4*f**3 - 9*f + 8. Let v(c) = 9*c**3 + c**2 + 18*c - 16. Let r(n) = 7*i(n) + 3*v(n). Suppose 4*g + 4 + 0 = 0, 3*m = 4*g - 29. Is r(m) a prime number?
True
Let c be -1 - ((-3)/(-3) + -4). Let j be c/(-8) - 61350/40. Let v = j + 2257. Is v a composite number?
True
Let g = 267596 - 79011. Is g prime?
False
Let s be (-32)/(-12) + 10/(-15). Suppose -5*y - 1968 = -x, 2*x = -s*y - 2*y + 4006. Is x prime?
True
Let c be 2/3*-1 - 410591/159. Let s = 5972 + c. Is s prime?
True
Let o(y) = 94*y - 11. Let x be o(-11). Let d = -554 - x. Is d a composite number?
False
Let j be (14 - (0 - -2)) + (12 - 12). Let p = j + -10. Let m(b) = 29*b**3 + 3*b - 1. Is m(p) prime?
False
Is 2*(-7)/(-56)*(-3)/(9/(-130476)) a prime number?
False
Let n(g) = 19*g**2 + 56*g - 15. Is n(-16) a composite number?
True
Let z(b) = 1569*b - 577. Is z(50) a composite number?
True
Let o(t) be the first derivative of -10*t + 46/3*t**3 + 11/2*t**2 - 9. Is o(-11) a composite number?
True
Suppose 8*k = -73 + 265. Suppose -2*s + k = 20. Is ((-20530)/(-35))/s - (-4)/(-14) prime?
True
Suppose 20 = 8*j - 4*j. Suppose 5*a + 180 = j*h, h + 5*a + 142 = 5*h. Suppose u - h = -0*u. Is u a prime number?
False
Let z = 17 - 26. Let g(v) = 7*v**2 - 65*v + 43. Let j(h) = -17*h**2 + 184*h - 130. Let d(t) = 17*g(t) + 6*j(t). Is d(z) prime?
False
Let q(x) = 17933*x + 5991. Is q(14) a composite number?
False
Is 6*(8/(-3))/4 + 3957 composite?
True
Let g = -15943 - -73346. Is g a composite number?
True
Let a = 496 - 478. Suppose a*y - 22*y + 2620 = 0. Is y a prime number?
False
Let b(u) be the second derivative of 3214*u**3/3 + 21*u**2/2 - 69*u. Is b(1) a composite number?
False
Suppose -3*v + 3926 + 4210 = 0. Let t(f) = -f + 11. Let m be t(6). Suppose m*h = 2*s - v, s + h - 345 - 1018 = 0. Is s composite?
False
Let j(v) = 262848*v**3 - 5*v**2 - 17*v + 21. Is j(1) a composite number?
True
Suppose 0 = 71*v + 216*v - 105502061. Is v a prime number?
True
Suppose 12*l - 16*l = -8. Suppose -4*w + 14*t - 18*t + 18224 = 0, 9115 = l*w + 3*t. Is w prime?
False
Let i be 5/15*6 + -2 + 0. Is 89308/14 - i - (-14)/(-98) composite?
False
Let l = -311 - -1385. Suppose f + 11 = 3. Is (f/24)/((-2)/l) a composite number?
False
Let f = -2335 + 1224. Let b be (6 + (-2 - -2))*4. Let n = b - f. Is n a composite number?
True
Suppose -7*j - 12400 + 3566 = 0. Let x(f) = 5*f**2 + 4*f - 1. Let a be x(-3). Is (-18 + a)/((-4)/j) a composite number?
True
Suppose -l - 626 = -661. Suppose l*t - 3*t = 6944. Is t a composite number?
True
Let d(r) = r**2 + 4*r + 4. Let f be d(-2). Let l be 5 + (-2 - f) + -3. Suppose l*y = -y + 131. Is y a prime number?
True
Let h = -321 + 323. Suppose 5*q - 2468 = -h*d + 4*q, 5*d + q - 6170 = 0. Is d composite?
True
Suppose 6*b = 549 + 447. Let h = b - -54. Suppose 0 = 3*s - 793 + h. Is s a prime number?
True
Let s(j) be the first derivative of -46*j**3/3 + j**2/2 + j + 1. Let t be s(2). Let u = t + 268. Is u a composite number?
True
Suppose -9*q + 21*q = 0. Suppose -4*s - 5*d + 8*d + 60656 = q, -4*d = 16. Is s prime?
True
Let o be (-22)/(-18)*3 + 1/3. Suppose 3*f = -5*f + o*f. Suppose j + 5 = f, 0 = 3*t + 5*j - 201 - 2696. Is t compo